t is the ten thousands digit of 28897?
2
What is the units digit of 218?
8
What is the tens digit of 346?
4
What is the hundreds digit of 8430?
4
What is the hundreds digit of 4370?
3
What is the units digit of 396?
6
What is the hundred thousands digit of 111454?
1
What is the units digit of 1380?
0
What is the units digit of 95411?
1
What is the thousands digit of 24837?
4
What is the tens digit of 7559?
5
What is the tens digit of 1065?
6
What is the units digit of 745?
5
What is the thousands digit of 4123?
4
What is the units digit of 8040?
0
What is the thousands digit of 4348?
4
What is the hundreds digit of 2126?
1
What is the thousands digit of 14773?
4
What is the hundreds digit of 4372?
3
What is the tens digit of 8707?
0
What is the tens digit of 384?
8
What is the tens digit of 857?
5
What is the thousands digit of 16377?
6
What is the tens digit of 58699?
9
What is the hundreds digit of 425?
4
What is the hundreds digit of 1931?
9
What is the tens digit of 2369?
6
What is the thousands digit of 5315?
5
What is the tens digit of 44145?
4
What is the hundreds digit of 557?
5
What is the units digit of 16236?
6
What is the hundreds digit of 7157?
1
What is the hundreds digit of 92839?
8
What is the thousands digit of 66469?
6
What is the units digit of 8875?
5
What is the tens digit of 30568?
6
What is the hundreds digit of 531?
5
What is the units digit of 552?
2
What is the units digit of 9435?
5
What is the hundreds digit of 726?
7
What is the tens digit of 8235?
3
What is the hundred thousands digit of 149334?
1
What is the tens digit of 558?
5
What is the units digit of 2620?
0
What is the units digit of 32361?
1
What is the hundreds digit of 2104?
1
What is the thousands digit of 4449?
4
What is the tens digit of 9789?
8
What is the hundreds digit of 3590?
5
What is the units digit of 53306?
6
What is the tens digit of 820?
2
What is the hundreds digit of 521?
5
What is the hundreds digit of 8955?
9
What is the hundreds digit of 5933?
9
What is the thousands digit of 22070?
2
What is the tens digit of 46667?
6
What is the hundreds digit of 11075?
0
What is the hundreds digit of 104053?
0
What is the hundreds digit of 197?
1
What is the units digit of 341?
1
What is the units digit of 10992?
2
What is the tens digit of 286?
8
What is the hundreds digit of 22796?
7
What is the thousands digit of 4499?
4
What is the thousands digit of 49918?
9
What is the thousands digit of 24563?
4
What is the thousands digit of 163012?
3
What is the units digit of 109?
9
What is the units digit of 375?
5
What is the hundreds digit of 2193?
1
What is the hundreds digit of 3458?
4
What is the units digit of 361?
1
What is the units digit of 1762?
2
What is the hundreds digit of 252?
2
What is the units digit of 891?
1
What is the hundreds digit of 136?
1
What is the hundreds digit of 33197?
1
What is the ten thousands digit of 32234?
3
What is the hundreds digit of 941?
9
What is the hundreds digit of 526?
5
What is the hundreds digit of 8091?
0
What is the units digit of 28?
8
What is the thousands digit of 41889?
1
What is the units digit of 2456?
6
What is the units digit of 1090?
0
What is the hundreds digit of 11605?
6
What is the thousands digit of 2857?
2
What is the units digit of 9347?
7
What is the thousands digit of 193094?
3
What is the thousands digit of 2980?
2
What is the tens digit of 7538?
3
What is the units digit of 10971?
1
What is the hundreds digit of 507?
5
What is the ten thousands digit of 31796?
3
What is the ten thousands digit of 43742?
4
What is the units digit of 9?
9
What is the tens digit of 131?
3
What is the hundreds digit of 2121?
1
What is the units digit of 1259?
9
What is the tens digit of 261?
6
What is the units digit of 1101?
1
What is the hundreds digit of 4254?
2
What is the tens digit of 14456?
5
What is the tens digit of 41319?
1
What is the tens digit of 11775?
7
What is the thousands digit of 5386?
5
What is the tens digit of 1248?
4
What is the hundreds digit of 880?
8
What is the units digit of 12489?
9
What is the units digit of 1316?
6
What is the units digit of 49057?
7
What is the hundreds digit of 5884?
8
What is the units digit of 2315?
5
What is the hundreds digit of 9029?
0
What is the thousands digit of 1125?
1
What is the units digit of 4402?
2
What is the tens digit of 831?
3
What is the hundreds digit of 4680?
6
What is the hundreds digit of 14070?
0
What is the ten thousands digit of 45558?
4
What is the units digit of 6323?
3
What is the hundreds digit of 128368?
3
What is the units digit of 17240?
0
What is the units digit of 56694?
4
What is the units digit of 992?
2
What is the tens digit of 1089?
8
What is the units digit of 1770?
0
What is the hundreds digit of 1228?
2
What is the thousands digit of 10649?
0
What is the units digit of 938?
8
What is the thousands digit of 5323?
5
What is the units digit of 4701?
1
What is the tens digit of 65909?
0
What is the units digit of 32658?
8
What is the tens digit of 302?
0
What is the units digit of 174?
4
What is the ten thousands digit of 45497?
4
What is the units digit of 7?
7
What is the units digit of 187?
7
What is the units digit of 296?
6
What is the hundreds digit of 2541?
5
What is the hundreds digit of 9502?
5
What is the units digit of 290?
0
What is the ten thousands digit of 48565?
4
What is the hundreds digit of 1043?
0
What is the tens digit of 28030?
3
What is the tens digit of 653?
5
What is the thousands digit of 1190?
1
What is the units digit of 7122?
2
What is the hundreds digit of 85594?
5
What is the hundreds digit of 2876?
8
What is the units digit of 43?
3
What is the units digit of 2035?
5
What is the hundreds digit of 27438?
4
What is the ten thousands digit of 11688?
1
What is the hundreds digit of 428?
4
What is the tens digit of 29578?
7
What is the hundreds digit of 2082?
0
What is the units digit of 5563?
3
What is the hundreds digit of 2805?
8
What is the hundreds digit of 864?
8
What is the units digit of 7587?
7
What is the units digit of 4029?
9
What is the hundreds digit of 12145?
1
What is the thousands digit of 1398?
1
What is the thousands digit of 61970?
1
What is the hundreds digit of 176?
1
What is the ten thousands digit of 34173?
3
What is the thousands digit of 1251?
1
What is the tens digit of 1416?
1
What is the hundreds digit of 84055?
0
What is the units digit of 413?
3
What is the thousands digit of 8451?
8
What is the thousands digit of 26224?
6
What is the thousands digit of 5612?
5
What is the hundreds digit of 4218?
2
What is the thousands digit of 34533?
4
What is the units digit of 888?
8
What is the hundreds digit of 18727?
7
What is the hundred thousands digit of 115535?
1
What is the tens digit of 118957?
5
What is the hundreds digit of 671?
6
What is the units digit of 1806?
6
What is the hundreds digit of 11473?
4
What is the hundreds digit of 14122?
1
What is the ten thousands digit of 54026?
5
What is the units digit of 686?
6
What is the tens digit of 106399?
9
What is the units digit of 1558?
8
What is the hundreds digit of 34851?
8
What is the units digit of 4871?
1
What is the units digit of 800?
0
What is the hundreds digit of 9915?
9
What is the units digit of 37695?
5
What is the units digit of 3310?
0
What is the tens digit of 34355?
5
What is the units digit of 4544?
4
What is the units digit of 8075?
5
What is the tens digit of 28314?
1
What is the ten thousands digit of 12536?
1
What is the tens digit of 13507?
0
What is the tens digit of 358?
5
What is the thousands digit of 1012?
1
What is the hundreds digit of 87705?
7
What is the tens digit of 92805?
0
What is the hundreds digit of 646?
6
What is the tens digit of 59?
5
What is the thousands digit of 24578?
4
What is the thousands digit of 11270?
1
What is the thousands digit of 2055?
2
What is the tens digit of 80?
8
What is the hundreds digit of 1949?
9
What is the units digit of 11588?
8
What is the hundreds digit of 6265?
2
What is the tens digit of 7973?
7
What is the tens digit of 4147?
4
What is the ten thousands digit of 85217?
8
What is the units digit of 935?
5
What is the tens digit of 57?
5
What is the thousands digit of 6726?
6
What is the units digit of 2278?
8
What is the units digit of 